j).
6
Let l(n) = n**2 + n**3 - 2 + 2*n - 13*n + 10 + 10*n. Calculate l(0).
8
Let i(h) = -h**2 + 7*h + 10. Suppose 82*b - 84*b + 92 = 0. Let p = -38 + b. What is i(p)?
2
Let i(u) = -5*u**2 + u. Let q(f) = f**2 + f + 1. Let w(j) = i(j) + 4*q(j). Determine w(-3).
-20
Let o(t) = 2*t + 1 + 2*t**2 - 5*t + 5*t. Let b(a) = a**3 - 6*a**2 - a + 4. Suppose -5*i = 4*n - 42, -5*i + 38 + 1 = 3*n. Let r be b(i). Calculate o(r).
5
Suppose 2*y - 133 = g, -4*y = g - 7*y + 134. Let x = -125 - g. Let v(m) = -2*m - 1. Determine v(x).
-13
Let u(g) be the third derivative of 0*g + 1/3*g**3 + 0 - 18*g**2 - 1/8*g**4. What is u(3)?
-7
Let h = -9 - -8. Let w(c) = 21*c**2 - c + 10. Let m(v) = 14*v**2 - v + 7. Let n(f) = -7*m(f) + 5*w(f). Calculate n(h).
6
Let y(r) = 4*r - 423784 + r**2 + 0*r**2 + 423787. Give y(-6).
15
Let y be ((-10)/(-15))/(2/51). Let i = 22 - y. Suppose -25 = 5*k + i. Let p(h) = -h**2 - 5*h - 6. Calculate p(k).
-12
Suppose -32 = 2*g - 6*g. Let x = -12 + g. Let b(k) = 2*k**3 - 8*k**2 + k. Let z(v) = 5*v**3 - 23*v**2 + 2*v. Let a(o) = 8*b(o) - 3*z(o). What is a(x)?
8
Let m(x) be the third derivative of -x**6/120 - x**5/60 + x**4/24 - 2*x**3/3 - x**2 + 7. Determine m(0).
-4
Let c(w) = 29*w**3 - 2*w - 1. Let l(h) = h**2 - h - 31. Let x be l(6). Determine c(x).
-28
Suppose 14*k - 26 = 12*k. Let b(f) = -6*f - k + 3*f**2 + 18 - 2*f**2. What is b(4)?
-3
Let h(z) = z**2 - 4*z + 5. Let b(k) = k**2 - 7*k + 2. Let y be b(7). Suppose 3 = -y*q + 13. Determine h(q).
10
Let w = -12 + 13. Let v be -15 + 14 + 3*w. Let x(g) = -3*g - 2 + 5 + g**2 - 2. What is x(v)?
-1
Let k = 1 - 26. Let l(c) = 9*c - 157. Let t be l(15). Let h = t - k. Let p(r) = -4*r + 1. Give p(h).
-11
Let p(v) = -v**3 - 5*v**2 + 2*v + 3. Let l(t) = t**3 + 14*t**2 + 13*t - 5. Let w be l(-13). Calculate p(w).
-7
Let z(r) = -r**3 - 7*r**2 + 7*r - 9. Let u be 4/((-9)/3 + 5). Let i be 132/32*-2 - u/(-8). Give z(i).
-1
Let x(i) = -i**2 + 7*i. Let q(r) = -r**3 + 11*r**2 - 9*r + 2. Let d be q(10). Let y = d + -9. Suppose -3*h + 20 = -a, h + 0*h + y*a = 0. Give x(h).
6
Let m(p) = -2*p - 17. Let v be m(-10). Let y be 0*5/(-15)*v. Let s(g) = g**3 - g - 8. What is s(y)?
-8
Let c(f) = f**2 + f. Let n(g) = -g**3 - 11*g**2 - 2*g + 7. Let w(a) = -4*c(a) - n(a). What is w(-7)?
7
Let b(u) = -u**3 - 4*u**2 - 5*u - 3. Let z be b(-3). Let v(s) = 0*s - 89 + 184 - s - 89. Determine v(z).
3
Suppose -4*s - b = -13, -4*b + 12 = s - 2*b. Let r(p) = p**s + 2*p - 15*p - 5 + 16*p. Determine r(-6).
13
Let s(y) be the second derivative of y**5/20 - y**4/3 - 5*y**3/6 + 3*y**2 + 5*y. Let x be s(5). Let z be 2/(-18)*-3*x. Let c(r) = 2*r + 2. Determine c(z).
6
Let n(f) be the third derivative of f**7/840 - f**6/360 - f**4/4 - 4*f**3/3 + 11*f**2. Let y(c) be the first derivative of n(c). What is y(0)?
-6
Let g(m) be the first derivative of m**3 - 3*m**2/2 + 778. Give g(4).
36
Let t(c) = -c + 1. Let y be 1 - (-5 - -1) - 3. Suppose -y*d = -0*d. Suppose d = -2*o - f - 12, -o - 6 = -3*f - 0. Determine t(o).
7
Let d(j) be the second derivative of -j**5/60 + j**4/12 - j**3/6 - 14*j**2 - 24*j. Let q(s) be the first derivative of d(s). Calculate q(4).
-9
Suppose 2*k = k - 9. Let d(x) = 0*x + 14 - 25 + 9 - x. Determine d(k).
7
Let o = -37 - -39. Suppose -o*n - 3 = 1. Let w(k) = k - 1. Let h(x) = -7*x + 7. Let v(a) = h(a) + 6*w(a). Determine v(n).
3
Let w be 16/(8 - 4) + 0. Let g be 4/w - 2 - -3. Let i(s) = s**3 - s**2 + 3*s + 0*s**3 + 1 + 1 - 4*s. Calculate i(g).
4
Let g(n) = n**3 - 12*n**2 + 10*n + 1. Let l = -416 + 427. Determine g(l).
-10
Suppose -14*d = 4*d + 54. Let z(x) = -3*x - 3. Let h be z(-2). Let r(c) = 3*c + 3 - 5 + c**2 + c**h - 8*c. Determine r(d).
-5
Let s be (-3 + 17 + 1)*(12 - 2). Let u = 144 - s. Let n(j) = -j**3 - 7*j**2 - 6*j - 1. Give n(u).
-1
Suppose 6*w + 5*q - 46 = 3*w, -3*q = 4*w - 54. Let p(b) = -6*b + 8 + w*b - 5*b. Let s be 2 + (0 - 1) - 10. What is p(s)?
-1
Suppose 4*l = 3*g + 4 - 29, 3*g = 5*l + 29. Suppose -w + g*i + 16 = -0*i, -4*w + i = -9. Let d(c) = 11*c**3 + c**2 - 2*c + 1. Calculate d(w).
11
Let h(l) = l**2 + 10*l + 15. Let z(w) = w**2 - 7. Let y be z(0). Let m be h(y). Let c(q) = q**2 + 3*q + 1. Give c(m).
19
Let k(y) = -4*y**2 - 14*y. Let i(l) = -l. Let m(u) = 28*i(u) - 2*k(u). Let d be (-4)/14 - (-36)/28. Determine m(d).
8
Let a(m) = 6*m**2 - m**3 - m - 5*m**2 + 3*m**2 - 2*m. Let q(b) = b**2 + 32*b + 138. Let d be q(-27). Calculate a(d).
0
Suppose -4 = -4*n + 8*n + 4*w, n - 4 = -2*w. Suppose -3*p + 30 = 30. Let l(i) = 1 + p*i + 2*i + 1 - 3. Give l(n).
-13
Let b(x) = -7*x**2 - 3*x - 2. Let h(p) = 3*p**2 + 9*p + 5. Let t be h(-2). Calculate b(t).
-6
Let g be 6/(3*1/(-3)). Let d(m) be the first derivative of 8*m - 22*m - 4 - m + 6*m - m**2. Calculate d(g).
3
Let b be -1 + 6/2 - -3. Suppose -b = 4*z + 15. Let j(h) = -h**3 - 5*h**2 + h + 1. Determine j(z).
-4
Let h(v) = -2*v - 27. Let j be h(-9). Let z(q) be the third derivative of q**4/24 + 13*q**3/6 - q**2. Determine z(j).
4
Let v(z) = z**3 - 4*z**2 - 4*z - 5. Let d(y) = -y**3 + 7*y**2 + 11*y - 72. Let i be d(7). Determine v(i).
0
Let h(d) = -d - 3. Suppose 5*u = 20, 3*o + 28 = -o - u. Give h(o).
5
Let c(a) = -a - 11. Let r(k) = 2*k + 13. Let v(o) = 4*c(o) + 3*r(o). Let i = 0 - 0. Suppose -5*g + 28 = 3*l, 4*l + i*l = -g + 26. Give v(l).
7
Let w(f) be the second derivative of 1/360*f**6 + 0*f**2 + 1/3*f**3 + 0*f**5 + 0*f**4 - 6*f + 0. Let p(b) be the second derivative of w(b). Calculate p(-3).
9
Let u be 4/(-34) + 166/(-34). Let l = 10 + u. Suppose l*y - 10 = -0. Let g(h) = h**2 - 2*h - 2. Calculate g(y).
-2
Let a(f) = f + 8. Let v(k) = -k - 7. Let g(l) = -5*a(l) - 6*v(l). Suppose 0 = -0*o + 5*o + 10, 12 = 3*z - 3*o. Calculate g(z).
4
Let b(s) = -s**3 + 3*s**2 + 2*s - 4. Let p be b(3). Let u be p + 1 - (-2)/2. Let h(r) = -u*r - 5 + 3*r - r + r. What is h(4)?
-9
Let y(b) = 5*b**3 + 71*b**2 + 5*b + 9. Let w(f) = f**3 + 14*f**2 + f + 2. Let t(p) = -11*w(p) + 2*y(p). Determine t(-12).
8
Suppose 5*w - 35 = -2*w. Let s(i) = -i - 4. Calculate s(w).
-9
Let g(n) be the first derivative of -n**6/120 + n**5/20 - n**4/6 - n**3/6 + 7*n**2/2 + 7. Let f(j) be the second derivative of g(j). Determine f(3).
-13
Let s = 1294 + -1285. Let v(i) = -i**2 + 11*i - 12. Calculate v(s).
6
Let m(p) be the third derivative of 19*p**2 + 0*p + 0 + 0*p**3 - 1/5*p**6 - 1/24*p**4 + 1/30*p**5. Give m(1).
-23
Let l = -13 + 15. Suppose -u = -4*p + 6, -5*u + 2*p - 10 - l = 0. Let k(o) be the third derivative of -o**6/120 + o**4/24 + o**2. What is k(u)?
6
Let m(y) be the first derivative of 8*y**3/3 + y**2 + 4*y - 32. Let j(g) = -7*g**2 - g - 4. Let c(s) = 7*j(s) + 6*m(s). Let v = 7 + -3. Determine c(v).
0
Let x(a) be the first derivative of a**3/3 - 17*a**2/2 + 34*a - 9. Let m be x(15). Let s(l) = l - 2*l + l - m - l. Calculate s(-5).
1
Let n be (-1 + 4)/(1/(-2)). Let l(u) be the second derivative of u**5/20 + 7*u**4/12 + 7*u**3/6 + u**2 + 350*u. Give l(n).
-4
Let s(l) = -4*l - 9*l + 4*l - 6*l**2 - l**3 + 2*l**3 + 10. Let q(o) = -o + 14. Let n = 0 + 7. Let a be q(n). What is s(a)?
-4
Let o(s) be the second derivative of s**3/6 - 3*s**2/2 - 159*s + 1. Give o(5).
2
Let f(q) = -q + 1. Let x(u) = -2*u. Suppose 2*s - 1 = 5. Let p(r) = s*f(r) - 2*x(r). Suppose -24 = 3*l - 4*y, 1 = 5*l + 5*y + 6. Give p(l).
-1
Suppose -18*g + 34 = -38. Let h(f) be the second derivative of 1/12*f**g + 0 + 1/2*f**2 - 4/3*f**3 + 10*f. Give h(7).
-6
Let u(d) = -d**3 - 5*d**2 + 7*d + 4. Let s be 21/(-28)*(-8)/(-6)*6. Calculate u(s).
-2
Let y(g) = 3*g - g**2 + 33 - 4 + 0. Determine y(-4).
1
Let n(x) = 19*x**3 - 11*x**2 + 11. Let o(w) = -9*w**3 + 5*w**2 - 5. Let p = -17 + 21. Let b(l) = p*n(l) + 9*o(l). Determine b(-1).
5
Suppose 0 = -7*y - 1065 + 1023. Let c(s) = -s - 3. Determine c(y).
3
Let g be -4*84/(-40) + 9/15. Let i(y) = y**3 - 3 - 21*y + 5*y + g*y - 5*y**2 + 8*y. What is i(4)?
-15
Let y(r) = r**3 - 4*r**2 + 3*r + 2. Let d be (40/(-50))/(4/(-10)). Suppose 7*v = d*v + 20. Calculate y(v).
14
Let v(i) be the second derivative of i**4/12 + 4*i**3/3 - 7*i**2/2 + 7*i + 6. Determine v(-7).
-14
Let v(z) be the second derivative of -z**3/3 - z**2/2 - z. Determine v(-2).
3
Let c(d) = -5*d**3 - 2*d**2 - 28*d + 23. Let b(v) = 3*v**3 + v**2 + 18*v - 15. Let q(f) = 8*b(f) + 5*c(f). Give q(-4).
11
Let y(b) = -b**3 + 2*b**2 + 2. S